q - 657. What is the units digit of q?
3
Let h(i) = -84*i + 273. Let k(m) = -50*m + 289. Let d be k(6). What is the thousands digit of h(d)?
1
Let o = -94 - -14455. What is the hundreds digit of o?
3
Let r = -84 + 41. Let b = r + 47. What is the units digit of ((-728)/b)/(-2)*1?
1
Suppose -2 = -4*d + s, -5*d + 0*d - 3 = -4*s. Let b be (-1*(-5)/(-10))/(d/(-80)). Let j = b - 16. What is the units digit of j?
4
Let o(p) = 10*p**2 + 30*p + 32. What is the thousands digit of o(20)?
4
Suppose 43 + 65 = 4*k. Suppose -5*q = -117 + k. Suppose o - q = -0*o + a, -2*o = 2*a - 52. What is the units digit of o?
2
Suppose 39*a - 25*a + 630 = 0. Let l = a - -464. What is the units digit of l?
9
Let p = 27 - 24. Suppose o = 2*o - p. Suppose -122 = -o*x + 2*y, 5*x = -5*y + 27 + 143. What is the tens digit of x?
3
Suppose -a = 2*f - 2*a - 1258, 4*f - 2514 = 3*a. Suppose -4*w + w = -f. What is the hundreds digit of w?
2
Let r(x) = -1126*x - 267. What is the units digit of r(-4)?
7
What is the tens digit of (-33)/11*4 + 15736?
2
What is the units digit of 44985 + (-63)/12 + 45/36 + 5?
6
Let y = -75 - -70. Let t be (-15)/1*51/y. Suppose 3*q = 2*o - 5*o + t, 5*o = 5*q + 285. What is the tens digit of o?
5
Let s(k) = k**3 + 37*k**2 - k - 33. Let a be s(-37). Suppose -5*m + a*h - h + 3375 = 0, -m - 2*h + 675 = 0. What is the tens digit of m?
7
What is the thousands digit of (5/(45/(-1092)))/((-2)/453)?
7
Let n = 13951 + -13671. Let r be ((-12)/10)/((-2)/5). Suppose -o = r*o - n. What is the units digit of o?
0
Suppose -40 = -26*z + 90. Suppose -11 = -2*p - 4*h + 5, 2*p - h = 1. Suppose 4*l - 752 = -z*i, 136 = i - 2*l - p*l. What is the hundreds digit of i?
1
Let l = -43 + 18. Let z be 2464/10 + ((-20)/l)/(-2). Suppose 0*u - 6*u = -z. What is the tens digit of u?
4
Suppose 4*o + 484 = -4*j - 0*j, 4*j - 116 = o. Let g = o + 220. What is the units digit of (-317)/(-5) - 40/g?
3
Let c(u) = -u**3 + 28*u**2 + 19*u + 54. Let r(y) = 14*y - 14. Let h be r(3). What is the hundreds digit of c(h)?
5
Let m be (-2 - (-3178)/6) + (-2)/(-6). Suppose c - m = -292. What is the units digit of c?
6
What is the units digit of (3/((-300)/27620))/(2/(-30))?
3
Let v(y) = -3*y**3 + 149*y**2 + 8*y + 5. What is the ten thousands digit of v(15)?
2
Let m = 1212 - -2273. Let t = 4964 - m. What is the thousands digit of t?
1
Let c(u) = -2*u**2 + 10*u + 12. Suppose -4*a + 3*a = 1. Let b be 2 + -2 - (-2)/a - -7. What is the units digit of c(b)?
2
Suppose 5*h - 15 = 2*x, -5*h + 4*x = -0*h - 15. Let s(z) = 43*z**2 - 9*z + 5. What is the units digit of s(h)?
5
Let z(w) be the third derivative of -w**6/120 + w**5/3 - 3*w**4/2 - 7*w**3/3 + 33*w**2. What is the hundreds digit of z(15)?
5
Suppose -2766*l + 2793*l - 343575 = 0. What is the hundreds digit of l?
7
Let w = 79658 + -56187. What is the tens digit of w?
7
Let g be 21/7*(-15)/(-9). Suppose 55 = g*n + 5*v, 3*n + v = 4 + 21. Suppose -81 = -n*x + 4*x. What is the tens digit of x?
2
Suppose -3*o = 5*p - 185195, 67400 = o - 3*p + 5687. What is the units digit of o?
5
Let g(q) = 1092*q**2 + 75*q - 294. What is the tens digit of g(4)?
7
Suppose -3*t = w - 257 - 1527, -4*t + 4*w = -2384. Let g = t - -465. What is the thousands digit of g?
1
Let j be 99*(330/9)/10. Let z(q) = 13*q**2 + 7. Let k be z(-4). Let p = j - k. What is the tens digit of p?
4
Let z(q) = -193*q + 12. Let t be z(-4). Let a = t + -472. What is the hundreds digit of a?
3
What is the hundreds digit of 1842876/171 + 18/(-342)?
7
Let d = -1876 + 3464. Suppose -5*a - d + 2553 = 0. What is the hundreds digit of a?
1
Let l be 6032/64 + (-1)/4. Let t = l - 73. What is the units digit of ((-707)/t*3)/(1/(-2))?
2
Let o(j) = 10*j**3 + 47*j**2 - 247*j + 9. What is the thousands digit of o(6)?
2
Let w be (-1)/((-1)/54) - (36 + -33). Suppose -u = -0*u - 7. Suppose -u = 4*k - w. What is the tens digit of k?
1
Let t(g) = -2*g**3 - 8*g**2 - 7*g + 6. Suppose 3*q = -o - 9, 2*q + 15 = -4*o - 11. Let m be t(o). Suppose 41*n - 38*n = m. What is the units digit of n?
4
Suppose -6*b - 3*b = 90. What is the units digit of (-104 + 2/(-1))/(b/15)?
9
What is the units digit of (55 + -2669)*(-5 + 3 + (-1)/(-1))?
4
Let v(k) = 991*k**2 - 4*k - 3. Let q be v(-1). What is the hundreds digit of (q/3)/(44/66)?
4
Let y(c) = -2*c + 33*c + 210*c + 76. What is the hundreds digit of y(5)?
2
Suppose 32*g = 27*g - 15. What is the hundreds digit of ((-1)/g)/((-10)/(-17220))?
5
Let j = -10996 - -15564. What is the hundreds digit of j?
5
What is the units digit of ((-53814)/(-10) + -1)/((156/30)/13)?
1
Let m(q) = q**2 - 5*q. Let r be m(5). Suppose -85*d + 86*d - 1142 = r. Suppose 8*g - 290 = d. What is the units digit of g?
9
Let b(l) = 7*l + 5 + 17*l**2 - 7*l**2 - l. Let j be b(-4). Suppose 3*w - 113 + 41 = -3*n, 4*n - 5*w - j = 0. What is the tens digit of n?
2
Suppose 13*b - 19251 = 73647. What is the hundreds digit of b?
1
Let k(i) = 4*i**2 - 44*i. Let c be k(11). Suppose c*q - q = -140. What is the units digit of q?
0
Let p(r) = -9*r - 11. Let g(q) = q**3 - 7*q**2 - 4*q + 17. Let v be g(7). Let b be p(v). Let f = 193 - b. What is the tens digit of f?
0
Suppose 4708 = -7*p + 118563. What is the tens digit of p?
6
Let c(z) = 43 - 105 + 2*z + 50. Let i be (-50)/(-3) - (-6)/(-9). What is the units digit of c(i)?
0
Suppose 28*u - 23*u + 20225 = 0. Let j = -2683 - u. What is the thousands digit of j?
1
Let j = 3555 + -3437. What is the units digit of j?
8
Suppose 4*f = -3*u - 62, 0*u - 3*u = 2*f + 58. What is the units digit of 434 + (-12 - u/3)?
8
Let y = -11 - -13. Suppose -y*u - 15*u = -1343. What is the tens digit of u?
7
Let w = 1 - -1. Suppose -g - w*m + 237 + 437 = 0, 3*g + 3*m - 2010 = 0. What is the hundreds digit of g?
6
Let p be (16/10 + -4)/(2/(-5)). Let y be (40/(-12) - -2)*p/(-4). Suppose -4*z - 4 = -4*a, y*a + 3*z = 13 - 6. What is the units digit of a?
2
Suppose -32*h + 10 = -27*h. What is the units digit of (10 - 165/20)*h*38?
3
Let p(v) = 13445*v**2 - 11*v + 11. What is the thousands digit of p(1)?
3
Let w(j) = -1139*j - 674. What is the units digit of w(-7)?
9
Let z(h) = -h**3 - 40*h**2 + 177*h + 153. Let b be z(-44). Let q be 6*(14/6 + -2). Suppose 0 = -q*t - 15 + b. What is the tens digit of t?
4
What is the thousands digit of ((-16)/3)/(6/(-2016))?
1
Let v(t) = 966*t - 2328. What is the ten thousands digit of v(60)?
5
Let y(u) = -6*u**3 - 5*u**2 - 4*u + 32. Suppose 2*q - 20 = 6*q. What is the hundreds digit of y(q)?
6
Let z = 532 + 273. What is the tens digit of z?
0
Let s be 188640/104 - 8/(-52). Let i = s - 1165. What is the hundreds digit of i?
6
Let i(q) be the second derivative of 139*q**4/4 - 3*q**3/2 + 9*q**2 - 121*q. What is the units digit of i(2)?
8
Let n(r) = 130*r**2 + 60*r - 566. What is the hundreds digit of n(9)?
5
Let u(p) = p**2 + 25*p - 24. Let z be u(-26). Suppose -t = 2*m + z*m - 4, 8 = -3*t - 2*m. What is the units digit of 2/(-4)*t/(-4)*-262?
1
Let x(c) = 8*c**2 + 20*c - 55. Let p(q) = -q**2 - 16*q - 45. Let g be p(-4). What is the tens digit of x(g)?
7
Let f(w) = -2*w**2 + 78*w - 26. Let d(t) = 3*t**2 - 118*t + 39. Let p(v) = 5*d(v) + 8*f(v). What is the hundreds digit of p(19)?
2
Let t = 171 + -167. Suppose t*f = 334 + 178. What is the hundreds digit of f?
1
Let n(j) = -j**3 + 7*j**2 + 9*j + 40. Let l be n(8). Suppose l*i - 1116 = 36*i. What is the units digit of i?
3
Let y = 61515 - -18493. What is the tens digit of y?
0
Let j(a) = 95*a - 574. What is the tens digit of j(25)?
0
Let g be 2*2/(4 - 8) + 6. Suppose 0 = g*w - 15 + 5. What is the units digit of ((-22)/w)/(480/(-68) - -7)?
7
Let r(h) = 29*h**2 - 5*h. Let k be r(-1). Suppose 6*s + k*s - 10520 = 0. What is the units digit of s?
3
Suppose -g - 2*i = -0*i, 15 = -3*i. What is the hundreds digit of g/(-2) + (545 - (-2)/1)?
5
Let f(t) = 110*t**2 - 42*t - 42. What is the tens digit of f(-12)?
0
Let v(m) = -m**2 + 170*m - 161. What is the tens digit of v(91)?
2
What is the tens digit of (-8)/(-18) + -464662*24/(-432)?
1
Let d(f) = 159*f - 3775. What is the units digit of d(111)?
4
Let j be (3 + 1839/(-9))*-15. Let q = -1715 + j. What is the hundreds digit of q?
3
Suppose 4*j - 2*b = 18, j - 24*b = -28*b - 18. Let l(q) = -q**2 + 7*q - 4. Let h be l(5). Suppose -h = -j*z - z. What is the units digit of z?
2
Suppose -2*j - 4*h + 226